5*w = 4*u + 52 - 1. Suppose 4*p + 36 = -2*d, 5*d - p = 4*p - 165. What are the prime factors of w/d + (-142)/(-8)?
2, 3
What are the prime factors of 67*-6*4/(-8)?
3, 67
Let g = 12 - 26. Let m = -4 - g. List the prime factors of m.
2, 5
Let z be 3 + 0/2 + -4. List the prime factors of -12*(1 + z - 1).
2, 3
Let b = -8 + 16. Suppose 5*w - 11 = -z, -5*w + b*z - 4*z + 31 = 0. List the prime factors of w.
3
Let b(r) = -r**3 - r**2 - r + 4. What are the prime factors of b(-3)?
5
Let n(o) = o**2 + 4*o + 3. Let f = 0 + -5. List the prime factors of n(f).
2
List the prime factors of ((-2)/8)/((-3)/24).
2
Suppose -26 + 70 = 4*v. List the prime factors of v.
11
Let i = -13 + 17. Suppose -3*g + i*y + 150 = y, -4*y = 0. What are the prime factors of g?
2, 5
Let i be (-3)/(-12) - (-36)/(-16). Let p(j) = 2*j**2 + 3. List the prime factors of p(i).
11
Let u = -12 - -16. What are the prime factors of u?
2
Let c be 28/10 - (-1)/5. Suppose 110 = c*y + 2*y. What are the prime factors of y?
2, 11
Let z be 10/(-4)*(0 + -2). Suppose -2*g + 0*g + 63 = z*j, -60 = -2*g - 4*j. Let s = -13 + g. What are the prime factors of s?
11
Let u(k) = 259*k**2 + 4*k + 2. What are the prime factors of u(-1)?
257
Let v be 0/(-6*3/(-6)). Suppose 0 = 3*i + 3*t, 4*i - 4 = -v*t - 2*t. List the prime factors of i.
2
Let x(u) = -u**3 - 2*u**2 + 4*u. Let s(w) = -w**3 - 4*w**2 + 5*w + 7. Let y be s(-5). Suppose -r - y + 3 = 0. List the prime factors of x(r).
2
Suppose -5*p + 5*k + 98 + 37 = 0, -3*k + 31 = p. Suppose -7 = -b + 3*n, -3*n = -b + 5*b - p. What are the prime factors of b?
7
Let x be 18/27 + 2/(-3). What are the prime factors of 1*4 + x/(-4)?
2
Let p(k) = -1. Let x(d) = 2*d - 5. Let t(j) = -4*p(j) + x(j). List the prime factors of t(11).
3, 7
Suppose u + 2 = -4. Let l = u + 8. Suppose -6*c + c + 3*z + 100 = 0, 0 = -4*c - l*z + 80. List the prime factors of c.
2, 5
Let x(a) = a**3 + a**2 - 3*a - 3. Let g(f) = f**3 - 2*f - 2. Let q(h) = -3*g(h) + 2*x(h). Let s be q(1). List the prime factors of 6/9*s*12.
2
Suppose 26 - 10 = -4*o. Let k(b) = -b**3 - 3*b**2 + 3*b + 6. List the prime factors of k(o).
2, 5
Suppose -2*v + 7*v - 15 = 0. Suppose -v*t = 2*t - 15. List the prime factors of t.
3
Let y(a) = -2*a - 7. What are the prime factors of y(-8)?
3
Let u = -20 - -36. Suppose 5*s = 5*f - 60, -5*s = 2*f - 3*f + u. List the prime factors of f.
11
Let i = 35 - -13. What are the prime factors of i?
2, 3
Suppose -3*c - 2*c - 25 = -5*s, -5*s + 43 = 4*c. What are the prime factors of 70/2 + -8 + s?
2, 17
Let f = 197 - 47. List the prime factors of f.
2, 3, 5
Let v(l) = -l**2 + 5*l - 7. Let i be v(7). What are the prime factors of (i/3*-1)/1?
7
Suppose 4*r + 0*r = -16. Let j be 2/4 - 4/(-8). What are the prime factors of (-21)/(-4) + j/r?
5
Let f be ((-3)/6 + 1)*-16. List the prime factors of -4*(2 + 34/f).
3
Let h be 2/(-4)*2*-38. Let y = -18 + h. List the prime factors of y.
2, 5
Let t(y) = y**3 - y + 1. Let c be t(1). Let p = 3 - c. Suppose -4*k + 37 = -k + p*b, -5*b + 60 = 5*k. List the prime factors of k.
13
Suppose 0 = 2*n + 4 - 14. Suppose 2*y = -0*y - 2*w + 8, y = n*w - 20. Suppose 4*p = -5*u - y*p + 76, -p - 65 = -4*u. What are the prime factors of u?
2
Let f = -12 + 20. Suppose -f = -2*l + 8. List the prime factors of (9 - 0) + l/4.
11
Let o(r) = 63*r**3 - r**2 + r + 1. List the prime factors of o(1).
2
Let r(p) = -p - 2*p + 4*p + 2*p + 2. Suppose 0 = 2*s + 2*h - 16, -14 = -2*s - 2*h + h. What are the prime factors of r(s)?
2, 5
Let s be -2*(-1 + 0) + -3. What are the prime factors of s + (3 - 1) + 2?
3
Suppose 4*d = -5*t + 134 + 84, 5*t = -d + 47. List the prime factors of d.
3, 19
Let p be (-1 - 1)*(-186)/(-12). Let c = -21 - p. List the prime factors of c.
2, 5
Let j(c) = c**3 + c**2 + c + 23. List the prime factors of j(0).
23
List the prime factors of 722/12 + 10/(-60).
2, 3, 5
Suppose -j = 1, -2 = 5*v - 3*j - 20. What are the prime factors of v?
3
Suppose 0*y + 3*y + 110 = -i, 3*y + 3*i + 102 = 0. Let w = -17 - y. List the prime factors of w.
3, 7
Let d = 49 - 27. What are the prime factors of d?
2, 11
Let m(p) = -p**3 + 10*p**2 - 11*p + 18. List the prime factors of m(8).
2, 29
Let o be (4/(-6))/(6/(-9)). Suppose -5*k = 4*y - 11 - 12, -k + 2*y - o = 0. List the prime factors of k.
3
Suppose -2 + 4 = m. Let q = 33 - 51. Let r = m - q. List the prime factors of r.
2, 5
Suppose -5*b = -5*g - 150, 0*b + 4*b = -4*g + 152. List the prime factors of b.
2, 17
Suppose 3*v - v - 8 = 0. Suppose 22 = -v*f + 5*f - 4*j, 2*f + 3*j = 0. List the prime factors of f.
2, 3
Suppose 4*d = 6*d - 46. Suppose -5*t = -d + 3. List the prime factors of t.
2
What are the prime factors of (-3)/9 - 236/(-6)?
3, 13
Let a = 82 - -168. List the prime factors of a.
2, 5
Let o be (-20)/35 - 36/(-14). Let f be 17 - 2*(-2)/2. Suppose 0 = -2*h - o, z - 5*h - f = -0*h. What are the prime factors of z?
2, 7
Let x(w) = 3 + w - 1 - 4. Suppose 0 = 4*o + 16, -5*d = -6*d - 3*o - 5. List the prime factors of x(d).
5
Let o = 126 + -69. List the prime factors of o.
3, 19
Let f(m) = 4*m**2 - 12*m. List the prime factors of f(-6).
2, 3
Let g = -4 + 18. What are the prime factors of 130/g + 2/(-7)?
3
Let h = 73 + 32. Suppose 4*c - 7*c = -h. What are the prime factors of c?
5, 7
Let b be 4852/(-6) - (-6)/9. List the prime factors of (-2)/10 + b/(-40).
2, 5
Suppose 2*v - 3*c - 1 - 19 = 0, 2*v = -3*c + 8. List the prime factors of v.
7
Let g(y) = y - 4. Let x(r) = r. Let t(s) = g(s) - 3*x(s). List the prime factors of t(-11).
2, 3
Let b(f) be the third derivative of 5*f**4/8 + f**3/6 - f**2. Suppose -8*h + 5 = -3*h. What are the prime factors of b(h)?
2
What are the prime factors of (-34)/(-3)*((-45)/6)/(-5)?
17
Let x be (0 + 33/(-6))*-2. Let o = 1 + x. Suppose -o = -4*a, 2*u - 2*a - 1 = 1. What are the prime factors of u?
2
Let l = -22 + 37. List the prime factors of l.
3, 5
Let i(o) = -2*o - 7 - o - 5*o - o - o**2. Let y be i(-6). Suppose -4*b + y = -3*b. List the prime factors of b.
11
Let a be (-443)/(-7) - 4/14. Suppose -5*r + a - 13 = 0. Let s = r - 5. List the prime factors of s.
5
Let c(d) = d**3 - 5*d + 3. List the prime factors of c(3).
3, 5
Suppose m = -5*b - 0*m - 5, 2*m + 10 = 2*b. Suppose -5*l - 2*a + 39 = 0, 0 = 2*a - b*a + 6. List the prime factors of l.
3
Let m(y) = -y**3 - 5*y**2 + 3*y - 3. What are the prime factors of m(-7)?
2, 37
Let d = 12 + -8. Suppose -d = -4*c + 4. List the prime factors of c.
2
What are the prime factors of (-1)/(2/(-4) + (-735)/(-1490))?
149
Let f(o) = -o**3 + 8*o**2 - o + 1. Let a = 22 - 15. List the prime factors of f(a).
43
Let d = 28 + -7. List the prime factors of d.
3, 7
Let n = 226 + -132. List the prime factors of n.
2, 47
Let d(x) = -11*x + 6. What are the prime factors of d(-3)?
3, 13
Let h = -12 + 18. Suppose -j - h = -3*j. Suppose -9 = -j*b + 21. List the prime factors of b.
2, 5
Let d(h) = -h + 18. What are the prime factors of d(-8)?
2, 13
Let t be (2 + -2 + 0)*-1. Suppose t = -0*g + 2*g. Suppose 3*y - 5*y = -q - 24, -2*y + 2*q + 28 = g. List the prime factors of y.
2, 5
Let w be (15 - 40)*(-16)/(-10). List the prime factors of w/4*2/(-5).
2
Let w = 0 - -2. Let f = w - -5. Let b = 18 - f. List the prime factors of b.
11
Let w(k) = 7*k + 372. List the prime factors of w(0).
2, 3, 31
Let m(c) = c**2 + c + 14. What are the prime factors of m(0)?
2, 7
Let d = 21 - 15. Let i(o) = -o**2 + 5*o + 4. Let l be i(d). List the prime factors of (6/(-21))/(l/14).
2
Let u = 62 - -3. What are the prime factors of u?
5, 13
Let h be 2989/28 - (-1)/4. Let r = h + -76. List the prime factors of r.
31
Let p(l) = 4*l**2 - l. Let v be p(-1). Suppose -3*o + v*o = 44. List the prime factors of o.
2, 11
Let h be 15/4*(-64)/(-6). Suppose -n + 187 = 5*a, -3*a + 149 = -n + h. What are the prime factors of a?
37
Suppose 5*a = 3*a + 2*z + 18, 55 = 5*a + 5*z. Let o = 36 - a. What are the prime factors of o?
2, 13
Let u be 6/(-15) + (-92)/(-5). Suppose -m + 4*q = m - u, -45 = -5*m + q. What are the prime factors of m?
3
List the prime factors of (5 - 6)*(-8 + 0).
2
Suppose 0 = -3*a - w + 6, 0*w + 6 = -2*w. Let v = 2 - a. Let g(i) = -16*i + 1. What are the prime factors of g(v)?
17
Let i(z) = 2*z + 0*z**2 + 4 + 4*z**2 + 0*z**2 - 3*z**2. List the prime factors of i(-4).
2, 3
Let d(z) = z**3 - 11*z**2 + 1